{"id":438,"date":"2014-02-05T20:41:05","date_gmt":"2014-02-05T18:41:05","guid":{"rendered":"http:\/\/huthaus.ch\/blog\/?page_id=438"},"modified":"2017-08-06T15:34:51","modified_gmt":"2017-08-06T13:34:51","slug":"sonderanfertigung","status":"publish","type":"page","link":"https:\/\/huthaus.ch\/blog\/hersteller\/sonderanfertigung\/","title":{"rendered":"Sonderanfertigung"},"content":{"rendered":"<h4 style=\"text-align: justify;\">Sind Sie auf der Suche nach speziellen H\u00fcten und M\u00fctzen die Sie so nicht in unserem Shop gefunden haben? Brauchen Sie Uniformm\u00fctzen f\u00fcr Ihren Musikverein oder einheitliche H\u00fcte f\u00fcr Ihre Mitarbeiter? Dann sind Sie bei uns genau richtig! Bei HutHaus.ch k\u00f6nnen Sie H\u00fcte und M\u00fctzen nach Ihren Vorgaben bestellen.<\/h4>\n<h3 style=\"text-align: justify;\">F\u00fcr wen eignen sich Sonderanfertigungen von H\u00fcten?<\/h3>\n<p style=\"text-align: justify;\">Sonderanfertigungen eignen sich vor allem f\u00fcr gr\u00f6ssere Mengen von Kopfbedeckungen. Je nach Hutmodell heisst das ab ca. 20-50 St\u00fcck. Grunds\u00e4tzlich k\u00f6nnen aber auch Einzelst\u00fccke nach Mass gefertigt werden. Besonders gefragt sind Sonderanfertigungen von H\u00fcten deshalb bei:<\/p>\n<ul style=\"text-align: justify;\">\n<li>Musikvereine, Fanclubs, Sportvereine, Frauenvereine etc.<\/li>\n<li>Polizei, Feuerwehr und andere \u00f6ffentliche Dienste<\/li>\n<li>Piloten, Chauffeure und Kapit\u00e4ne<\/li>\n<li>Firmen die Ihre Mitarbeiter mit einheitlichen Kopfbedeckungen ausstatten m\u00f6chten<\/li>\n<\/ul>\n<h3 style=\"text-align: justify;\">Welche H\u00fcte und M\u00fctzen k\u00f6nnen hergestellt werden?<\/h3>\n<p style=\"text-align: justify;\">Bei HutHaus.ch k\u00f6nnen Sie folgende Produkte nach Ihren Vorstellungen bestellen:<\/p>\n<ul style=\"text-align: justify;\">\n<li><strong>Uniformm\u00fctzen<\/strong> f\u00fcr verschiedenen Berufsgruppen und Vereine, in Ihren Farben und mit Ihren Kennzeichnungen.<\/li>\n<li><strong>H\u00fcte aus Filz<\/strong>. Die wasserdichten Wollfilz Regenh\u00fcte eignen sich f\u00fcr Berufsgruppen die viel draussen abeiten und f\u00fcr Vereine die auch bei schlechtem Wetter draussen aktiv sind. Edle Haarfilzh\u00fcte k\u00f6nnen wir Ihnen ebenfalls nach Ihren Vorstellungen offerieren.<\/li>\n<li><strong>H\u00fcte aus Stoff<\/strong> k\u00f6nnen aus leichter Baumwolle gen\u00e4ht werden oder auch aus wasserdichtem Wachstuch. Teilen Sie uns Ihre W\u00fcnsche mit.<\/li>\n<li><strong>Bestickte M\u00fctzen<\/strong> mit dem Vereinslogo oder dem Firmenlogo sorgen bei Events f\u00fcr ein einheitliches Erscheinungsbild.<\/li>\n<li><strong>Strohh\u00fcte<\/strong> verleihen Ihrem Team ein sommerliches Aussehen und sorgen f\u00fcr ein entspanntes Ambiente.<\/li>\n<\/ul>\n<h3>Einige Beispiele von Sonderanfertigungen<\/h3>\n<p>[slideshow_deploy id=&#8217;712&#8242;]<\/p>\n<p>&nbsp;<\/p>\n<h3>Wer liefert die H\u00fcte und M\u00fctzen nach Mass?<\/h3>\n<p style=\"text-align: justify;\">Haben Sie Fragen oder m\u00f6chten eine unverbindliche Offerte einholen? Z\u00f6gern <img loading=\"lazy\" decoding=\"async\" class=\"alignright size-full wp-image-49\" src=\"https:\/\/huthaus.ch\/blog\/wp-content\/uploads\/2012\/07\/stephaniekomminoth.jpg\" alt=\"Stephanie Komminoth\" width=\"150\" height=\"204\" \/>Sie nicht HutHaus.ch zu kontaktieren!<\/p>\n<p style=\"text-align: justify;\"><strong>Ihre Ansprechperson<\/strong>:<\/p>\n<p style=\"text-align: justify;\">Stephanie Komminoth<\/p>\n<p style=\"text-align: justify;\">Zum <a title=\"Kontaktangaben und Kontaktformular von Schweizer Hutshop\" href=\"https:\/\/huthaus.ch\/kontakt\">Kontaktformular<\/a><\/p>\n<p style=\"text-align: justify;\"><strong>Fordern Sie Ihre Offerte an<\/strong>:<\/p>\n<p style=\"text-align: justify;\">Gerne machen wir Ihnen eine Offerte f\u00fcr Ihre individuellen H\u00fcte. Geben Sie bei Ihrer Anfrage unbedingt folgende Daten an:<\/p>\n<ul>\n<li>Ihr Name und Kontaktdaten<\/li>\n<li>Form, Farbe, Besonderheiten der gew\u00fcnschten H\u00fcte<\/li>\n<li>Bevorzugtes Material<\/li>\n<li>Gew\u00fcnschte Menge<\/li>\n<\/ul>\n","protected":false},"excerpt":{"rendered":"<p>Sind Sie auf der Suche nach speziellen H\u00fcten und M\u00fctzen die Sie so nicht in unserem Shop gefunden haben? Brauchen Sie Uniformm\u00fctzen f\u00fcr Ihren Musikverein oder einheitliche H\u00fcte f\u00fcr Ihre Mitarbeiter? Dann sind Sie bei uns genau richtig! Bei HutHaus.ch k\u00f6nnen Sie H\u00fcte und M\u00fctzen nach Ihren Vorgaben bestellen. F\u00fcr wen eignen sich Sonderanfertigungen von H\u00fcten? Sonderanfertigungen eignen sich vor allem f\u00fcr gr\u00f6ssere Mengen von Kopfbedeckungen. Je nach Hutmodell heisst das ab ca. 20-50 St\u00fcck. Grunds\u00e4tzlich k\u00f6nnen aber auch Einzelst\u00fccke nach Mass gefertigt werden. Besonders gefragt sind Sonderanfertigungen von H\u00fcten deshalb bei: Musikvereine, Fanclubs, Sportvereine, Frauenvereine etc. Polizei, Feuerwehr und andere \u00f6ffentliche Dienste Piloten, Chauffeure und Kapit\u00e4ne Firmen die Ihre Mitarbeiter mit einheitlichen Kopfbedeckungen ausstatten m\u00f6chten Welche H\u00fcte und M\u00fctzen k\u00f6nnen hergestellt werden? Bei HutHaus.ch k\u00f6nnen Sie folgende Produkte nach Ihren Vorstellungen bestellen: Uniformm\u00fctzen f\u00fcr verschiedenen Berufsgruppen und Vereine, in Ihren Farben und mit Ihren Kennzeichnungen. H\u00fcte aus Filz. Die wasserdichten Wollfilz Regenh\u00fcte eignen sich f\u00fcr Berufsgruppen die viel draussen abeiten und f\u00fcr Vereine die auch bei schlechtem Wetter draussen aktiv sind. Edle Haarfilzh\u00fcte k\u00f6nnen wir Ihnen ebenfalls nach Ihren Vorstellungen offerieren. H\u00fcte aus Stoff k\u00f6nnen aus leichter Baumwolle gen\u00e4ht werden oder auch aus wasserdichtem Wachstuch. Teilen Sie uns Ihre W\u00fcnsche mit. Bestickte M\u00fctzen mit dem Vereinslogo oder dem Firmenlogo sorgen bei Events f\u00fcr ein einheitliches Erscheinungsbild. Strohh\u00fcte verleihen Ihrem Team ein sommerliches Aussehen und sorgen f\u00fcr ein entspanntes Ambiente. Einige Beispiele von Sonderanfertigungen [slideshow_deploy id=&#8217;712&#8242;] &nbsp; Wer liefert die H\u00fcte und M\u00fctzen nach Mass? Haben Sie Fragen oder m\u00f6chten eine unverbindliche Offerte einholen? Z\u00f6gern Sie nicht HutHaus.ch zu kontaktieren! Ihre Ansprechperson: Stephanie Komminoth Zum Kontaktformular Fordern Sie Ihre Offerte an: Gerne machen wir Ihnen eine Offerte f\u00fcr Ihre individuellen H\u00fcte. Geben Sie bei Ihrer Anfrage unbedingt folgende Daten an: Ihr Name und Kontaktdaten Form, Farbe, Besonderheiten der gew\u00fcnschten H\u00fcte Bevorzugtes Material Gew\u00fcnschte Menge<\/p>\n","protected":false},"author":1,"featured_media":0,"parent":182,"menu_order":0,"comment_status":"closed","ping_status":"open","template":"","meta":{"footnotes":""},"class_list":["post-438","page","type-page","status-publish","hentry"],"featured_image_src":null,"_links":{"self":[{"href":"https:\/\/huthaus.ch\/blog\/wp-json\/wp\/v2\/pages\/438","targetHints":{"allow":["GET"]}}],"collection":[{"href":"https:\/\/huthaus.ch\/blog\/wp-json\/wp\/v2\/pages"}],"about":[{"href":"https:\/\/huthaus.ch\/blog\/wp-json\/wp\/v2\/types\/page"}],"author":[{"embeddable":true,"href":"https:\/\/huthaus.ch\/blog\/wp-json\/wp\/v2\/users\/1"}],"replies":[{"embeddable":true,"href":"https:\/\/huthaus.ch\/blog\/wp-json\/wp\/v2\/comments?post=438"}],"version-history":[{"count":0,"href":"https:\/\/huthaus.ch\/blog\/wp-json\/wp\/v2\/pages\/438\/revisions"}],"up":[{"embeddable":true,"href":"https:\/\/huthaus.ch\/blog\/wp-json\/wp\/v2\/pages\/182"}],"wp:attachment":[{"href":"https:\/\/huthaus.ch\/blog\/wp-json\/wp\/v2\/media?parent=438"}],"curies":[{"name":"wp","href":"https:\/\/api.w.org\/{rel}","templated":true}]}}