{"id":1984,"date":"2023-10-10T10:10:34","date_gmt":"2023-10-10T08:10:34","guid":{"rendered":"https:\/\/huthaus.ch\/blog\/?page_id=1984"},"modified":"2023-10-10T10:10:34","modified_gmt":"2023-10-10T08:10:34","slug":"jaegerhuete-formen-materialien-und-funktionen","status":"publish","type":"page","link":"https:\/\/huthaus.ch\/blog\/jaegerhuete-formen-materialien-und-funktionen\/","title":{"rendered":"J\u00e4gerh\u00fcte: Formen, Materialien und Funktionen"},"content":{"rendered":"\n<p>Die Welt der Jagd ist voller Traditionen und eine davon ist die Bedeutung des richtigen J\u00e4gerhuts. Ein J\u00e4gerhut dient nicht nur als Modeaccessoire, sondern erf\u00fcllt auch praktische Funktionen w\u00e4hrend der Jagdsaison. In diesem Artikel werden wir uns die verschiedenen Hutformen, die Vorz\u00fcge des Materials Wollfilz und die Bedeutung von H\u00fcten mit gut sichtbaren Streifen bei der Treibjagd genauer ansehen.<\/p>\n\n\n\n<h2 class=\"wp-block-heading\"><strong>Typische J\u00e4gerhut-Formen<\/strong><\/h2>\n\n\n\n<p>Die beliebtesten J\u00e4gerhutformen sind der Tiroler und der Traveller. Wir stellen Ihnen diese und weitere attraktive Formen vor, damit Sie den passenden Hut finden.<\/p>\n\n\n\n<h3 class=\"wp-block-heading\"><strong>Tiroler Hut<\/strong><\/h3>\n\n\n\n<div class=\"wp-block-media-text alignwide is-stacked-on-mobile\" style=\"grid-template-columns:20% auto\"><figure class=\"wp-block-media-text__media\"><img loading=\"lazy\" decoding=\"async\" width=\"600\" height=\"600\" src=\"https:\/\/huthaus.ch\/blog\/wp-content\/uploads\/2023\/10\/jagerhut-tiroler.jpg\" alt=\"\" class=\"wp-image-1989 size-full\" srcset=\"https:\/\/huthaus.ch\/blog\/wp-content\/uploads\/2023\/10\/jagerhut-tiroler.jpg 600w, https:\/\/huthaus.ch\/blog\/wp-content\/uploads\/2023\/10\/jagerhut-tiroler-300x300.jpg 300w, https:\/\/huthaus.ch\/blog\/wp-content\/uploads\/2023\/10\/jagerhut-tiroler-150x150.jpg 150w, https:\/\/huthaus.ch\/blog\/wp-content\/uploads\/2023\/10\/jagerhut-tiroler-75x75.jpg 75w\" sizes=\"auto, (max-width: 600px) 100vw, 600px\" \/><\/figure><div class=\"wp-block-media-text__content\">\n<p>Der Tiroler Hut ist ein Klassiker unter den J\u00e4gerh\u00fcten. Er zeichnet sich durch seine markante Form und die charakteristisch geschwungene Kordel aus. Urspr\u00fcnglich aus den Alpenregionen stammend, hat dieser Hut auch in der J\u00e4germode seinen Platz gefunden. Mit seinem rustikalen Charme ist der Tiroler Hut nicht nur funktional, sondern auch ein echtes Stil-Statement.<\/p>\n<\/div><\/div>\n\n\n\n<h3 class=\"wp-block-heading\"><strong>Traveller Hut mit breiter Krempe<\/strong><\/h3>\n\n\n\n<div class=\"wp-block-media-text alignwide is-stacked-on-mobile\" style=\"grid-template-columns:20% auto\"><figure class=\"wp-block-media-text__media\"><img loading=\"lazy\" decoding=\"async\" width=\"600\" height=\"600\" src=\"https:\/\/huthaus.ch\/blog\/wp-content\/uploads\/2023\/10\/gustav.jpg\" alt=\"\" class=\"wp-image-1990 size-full\" srcset=\"https:\/\/huthaus.ch\/blog\/wp-content\/uploads\/2023\/10\/gustav.jpg 600w, https:\/\/huthaus.ch\/blog\/wp-content\/uploads\/2023\/10\/gustav-300x300.jpg 300w, https:\/\/huthaus.ch\/blog\/wp-content\/uploads\/2023\/10\/gustav-150x150.jpg 150w, https:\/\/huthaus.ch\/blog\/wp-content\/uploads\/2023\/10\/gustav-75x75.jpg 75w\" sizes=\"auto, (max-width: 600px) 100vw, 600px\" \/><\/figure><div class=\"wp-block-media-text__content\">\n<p>Der Traveller Hut mit breiter Krempe ist bei J\u00e4gern \u00e4usserst beliebt. Seine rundum leicht abfallende Krempe bietet Schutz vor Regen und Sonne und verleiht ihm einen zeitlosen Look. Dieser Hut ist ideal f\u00fcr Outdoor-Aktivit\u00e4ten geeignet und verbindet Stil mit Funktionalit\u00e4t.<\/p>\n<\/div><\/div>\n\n\n\n<h3 class=\"wp-block-heading\"><strong>Sch\u00fctzenhut<\/strong><\/h3>\n\n\n\n<div class=\"wp-block-media-text alignwide is-stacked-on-mobile\" style=\"grid-template-columns:20% auto\"><figure class=\"wp-block-media-text__media\"><img loading=\"lazy\" decoding=\"async\" width=\"600\" height=\"600\" src=\"https:\/\/huthaus.ch\/blog\/wp-content\/uploads\/2023\/10\/schutzenhut.jpg\" alt=\"\" class=\"wp-image-1991 size-full\" srcset=\"https:\/\/huthaus.ch\/blog\/wp-content\/uploads\/2023\/10\/schutzenhut.jpg 600w, https:\/\/huthaus.ch\/blog\/wp-content\/uploads\/2023\/10\/schutzenhut-300x300.jpg 300w, https:\/\/huthaus.ch\/blog\/wp-content\/uploads\/2023\/10\/schutzenhut-150x150.jpg 150w, https:\/\/huthaus.ch\/blog\/wp-content\/uploads\/2023\/10\/schutzenhut-75x75.jpg 75w\" sizes=\"auto, (max-width: 600px) 100vw, 600px\" \/><\/figure><div class=\"wp-block-media-text__content\">\n<p>Der Sch\u00fctzenhut hat seinen Ursprung in der Tradition der Sch\u00fctzenvereine und wird auch von J\u00e4gern gerne getragen. Er hat zwar eine breite Krempe, damit er zuverl\u00e4ssig vor dem Wetter sch\u00fctzt. Der seitliche Knopf erlaubt es aber, diese hochzukn\u00f6pfen, damit man mit den Zielauge freie sicht hat und die Krempe beim Anschlagen des Gewehrs nicht st\u00f6rt.<\/p>\n<\/div><\/div>\n\n\n\n<h3 class=\"wp-block-heading\"><strong>Schmalrandige Sporth\u00fcte<\/strong><\/h3>\n\n\n\n<div class=\"wp-block-media-text alignwide is-stacked-on-mobile\" style=\"grid-template-columns:20% auto\"><figure class=\"wp-block-media-text__media\"><img loading=\"lazy\" decoding=\"async\" width=\"600\" height=\"600\" src=\"https:\/\/huthaus.ch\/blog\/wp-content\/uploads\/2023\/10\/sporthut.jpg\" alt=\"\" class=\"wp-image-1993 size-full\" srcset=\"https:\/\/huthaus.ch\/blog\/wp-content\/uploads\/2023\/10\/sporthut.jpg 600w, https:\/\/huthaus.ch\/blog\/wp-content\/uploads\/2023\/10\/sporthut-300x300.jpg 300w, https:\/\/huthaus.ch\/blog\/wp-content\/uploads\/2023\/10\/sporthut-150x150.jpg 150w, https:\/\/huthaus.ch\/blog\/wp-content\/uploads\/2023\/10\/sporthut-75x75.jpg 75w\" sizes=\"auto, (max-width: 600px) 100vw, 600px\" \/><\/figure><div class=\"wp-block-media-text__content\">\n<p>Schmalrandige Sporth\u00fcte sind die perfekte Wahl f\u00fcr J\u00e4ger, die einen sportlichen Look bevorzugen. Mit ihrem schmalen Rand bieten sie viel Bewegungsfreiheit und dennoch einen guten Schutz vor Regen.<\/p>\n<\/div><\/div>\n\n\n\n<h3 class=\"wp-block-heading\"><strong>Schieberm\u00fctze<\/strong><\/h3>\n\n\n\n<div class=\"wp-block-media-text alignwide is-stacked-on-mobile\" style=\"grid-template-columns:20% auto\"><figure class=\"wp-block-media-text__media\"><img loading=\"lazy\" decoding=\"async\" width=\"600\" height=\"600\" src=\"https:\/\/huthaus.ch\/blog\/wp-content\/uploads\/2023\/10\/schiebermuetze-hunting.jpg\" alt=\"\" class=\"wp-image-1992 size-full\" srcset=\"https:\/\/huthaus.ch\/blog\/wp-content\/uploads\/2023\/10\/schiebermuetze-hunting.jpg 600w, https:\/\/huthaus.ch\/blog\/wp-content\/uploads\/2023\/10\/schiebermuetze-hunting-300x300.jpg 300w, https:\/\/huthaus.ch\/blog\/wp-content\/uploads\/2023\/10\/schiebermuetze-hunting-150x150.jpg 150w, https:\/\/huthaus.ch\/blog\/wp-content\/uploads\/2023\/10\/schiebermuetze-hunting-75x75.jpg 75w\" sizes=\"auto, (max-width: 600px) 100vw, 600px\" \/><\/figure><div class=\"wp-block-media-text__content\">\n<p>Die Schieberm\u00fctze, auch als Reiterm\u00fctze bekannt, ist eine beliebte Alternative zum J\u00e4gerhut. Sie ist bequem zu tragen und bietet Schutz vor Wind und K\u00e4lte. Insbesondere Modelle mit Ohrenklappen. Durch die fehlende Krempe wird die M\u00fctze manchmal als praktischer empfunden als ein Hut. Sie sch\u00fctzt aber nicht ideal vor Regen.<\/p>\n<\/div><\/div>\n\n\n\n<h3 class=\"wp-block-heading\"><strong>H\u00fcte mit Signalstreifen<\/strong><\/h3>\n\n\n\n<div class=\"wp-block-media-text alignwide is-stacked-on-mobile\" style=\"grid-template-columns:20% auto\"><figure class=\"wp-block-media-text__media\"><img loading=\"lazy\" decoding=\"async\" width=\"600\" height=\"600\" src=\"https:\/\/huthaus.ch\/blog\/wp-content\/uploads\/2023\/10\/jagerhut-signal.jpg\" alt=\"\" class=\"wp-image-1994 size-full\" srcset=\"https:\/\/huthaus.ch\/blog\/wp-content\/uploads\/2023\/10\/jagerhut-signal.jpg 600w, https:\/\/huthaus.ch\/blog\/wp-content\/uploads\/2023\/10\/jagerhut-signal-300x300.jpg 300w, https:\/\/huthaus.ch\/blog\/wp-content\/uploads\/2023\/10\/jagerhut-signal-150x150.jpg 150w, https:\/\/huthaus.ch\/blog\/wp-content\/uploads\/2023\/10\/jagerhut-signal-75x75.jpg 75w\" sizes=\"auto, (max-width: 600px) 100vw, 600px\" \/><\/figure><div class=\"wp-block-media-text__content\">\n<p>W\u00e4hrend der Treibjagd ist die Sichtbarkeit ein entscheidender Faktor f\u00fcr die Sicherheit. H\u00fcte mit gut sichtbaren Streifen sind deshalb eine ideale Erg\u00e4nzug zur Signalweste. Sie machen den J\u00e4ger leicht erkennbar und tragen zur Vermeidung von Unf\u00e4llen bei. Manche H\u00fcte sind mit einer speziellen, aufklappbaren Garnitur ausgestattet, die innen orange und aussen olivegr\u00fcn ist. Eine Alternative sind Signalb\u00e4nder, die an jedem beliebigen Hut angebracht werden k\u00f6nnen.<\/p>\n<\/div><\/div>\n\n\n\n<h3 class=\"wp-block-heading\"><strong>Tarnhauben<\/strong><\/h3>\n\n\n\n<div class=\"wp-block-media-text alignwide is-stacked-on-mobile\" style=\"grid-template-columns:20% auto\"><figure class=\"wp-block-media-text__media\"><img loading=\"lazy\" decoding=\"async\" width=\"600\" height=\"600\" src=\"https:\/\/huthaus.ch\/blog\/wp-content\/uploads\/2023\/10\/tarn-set-moos.jpg\" alt=\"\" class=\"wp-image-1995 size-full\" srcset=\"https:\/\/huthaus.ch\/blog\/wp-content\/uploads\/2023\/10\/tarn-set-moos.jpg 600w, https:\/\/huthaus.ch\/blog\/wp-content\/uploads\/2023\/10\/tarn-set-moos-300x300.jpg 300w, https:\/\/huthaus.ch\/blog\/wp-content\/uploads\/2023\/10\/tarn-set-moos-150x150.jpg 150w, https:\/\/huthaus.ch\/blog\/wp-content\/uploads\/2023\/10\/tarn-set-moos-75x75.jpg 75w\" sizes=\"auto, (max-width: 600px) 100vw, 600px\" \/><\/figure><div class=\"wp-block-media-text__content\">\n<p>J\u00e4gerh\u00fcte werden je nach Modell in den Farben Olive, Grau-meliert, Braun-meliert oder mit Camouflage-Muster angeboten. F\u00fcr zus\u00e4tzliche Tarnung, aber auch um bei k\u00fchlen Temperaturen nicht zu frieren, kann man unter dem Hut, oder als Ersatz daf\u00fcr, eine Sturmhaube tragen. Balaclavas mit \u00d6ffnungen f\u00fcr Augen und Nase bieten besonders viel W\u00e4rme. Steht die Tarnung im Vordergrund, eignen sich Tarn-Sets bestehend aus M\u00fctze und Loop-Schal, mit strukturierter Oberfl\u00e4che.<\/p>\n<\/div><\/div>\n\n\n\n<h2 class=\"wp-block-heading\"><strong>Die Vorz\u00fcge von Wollfilz<\/strong><\/h2>\n\n\n\n<p>Mindestens so wichtig wie die Form, ist das Material von J\u00e4gerh\u00fcten. Sie sind fast immer aus Wolliflz gefertigt. Wollfilz hat herausragende Eigenschaften, die ihn zu einer beliebten Wahl f\u00fcr J\u00e4ger machen. Er ist langlebig, wetterfest und bietet ausgezeichneten Schutz vor den Elementen. Dar\u00fcber hinaus ist Wollfilz atmungsaktiv und h\u00e4lt den Kopf warm, ohne zu \u00fcberhitzen. Die robuste Qualit\u00e4t des Materials garantiert, dass ein J\u00e4gerhut aus Wollfilz viele Jagdsaisons \u00fcberdauern kann.<\/p>\n\n\n\n<h3 class=\"wp-block-heading\"><strong>Pflege und Wartung von J\u00e4gerh\u00fcten<\/strong><\/h3>\n\n\n\n<p>Damit Ihr J\u00e4gerhut Ihnen lange Zeit treue Dienste leisten kann, ist die richtige Pflege entscheidend. Lassen Sie ihn nach jedem Einsatz an einer trockenen, gut bel\u00fcfteten Stelle trocknen, legen Sie ihn aber nicht auf die Heizung. Verschmutzungen lassen sich auf dem trockenen Hut mit einer weichen Hutb\u00fcrste meist problemlos entfernen. Geb\u00fcrstet wird immer gegen den Uhrzeigersinn. Ausserhalb der Jagdsaison sollte der Hut an einem trockenen Ort aufbewahrt werden, z.B. im Schrank oder in einer Hutschachtel. Zu Beginn der neuen Saison, oder nach Bedarf, kann man den Hut mit einem handels\u00fcblichen Impr\u00e4gnierspray behandeln. Das sch\u00fctzt ihn vor N\u00e4sse und Verschmutzungen.<\/p>\n\n\n\n<p><\/p>\n","protected":false},"excerpt":{"rendered":"<p>Die Welt der Jagd ist voller Traditionen und eine davon ist die Bedeutung des richtigen J\u00e4gerhuts. Ein J\u00e4gerhut dient nicht nur als Modeaccessoire, sondern erf\u00fcllt auch praktische Funktionen w\u00e4hrend der Jagdsaison. In diesem Artikel werden wir uns die verschiedenen Hutformen, die Vorz\u00fcge des Materials Wollfilz und die Bedeutung von H\u00fcten mit gut sichtbaren Streifen bei der Treibjagd genauer ansehen. Typische J\u00e4gerhut-Formen Die beliebtesten J\u00e4gerhutformen sind der Tiroler und der Traveller. Wir stellen Ihnen diese und weitere attraktive Formen vor, damit Sie den passenden Hut finden. Tiroler Hut Der Tiroler Hut ist ein Klassiker unter den J\u00e4gerh\u00fcten. Er zeichnet sich durch seine markante Form und die charakteristisch geschwungene Kordel aus. Urspr\u00fcnglich aus den Alpenregionen stammend, hat dieser Hut auch in der J\u00e4germode seinen Platz gefunden. Mit seinem rustikalen Charme ist der Tiroler Hut nicht nur funktional, sondern auch ein echtes Stil-Statement. Traveller Hut mit breiter Krempe Der Traveller Hut mit breiter Krempe ist bei J\u00e4gern \u00e4usserst beliebt. Seine rundum leicht abfallende Krempe bietet Schutz vor Regen und Sonne und verleiht ihm einen zeitlosen Look. Dieser Hut ist ideal f\u00fcr Outdoor-Aktivit\u00e4ten geeignet und verbindet Stil mit Funktionalit\u00e4t. Sch\u00fctzenhut Der Sch\u00fctzenhut hat seinen Ursprung in der Tradition der Sch\u00fctzenvereine und wird auch von J\u00e4gern gerne getragen. Er hat zwar eine breite Krempe, damit er zuverl\u00e4ssig vor dem Wetter sch\u00fctzt. Der seitliche Knopf erlaubt es aber, diese hochzukn\u00f6pfen, damit man mit den Zielauge freie sicht hat und die Krempe beim Anschlagen des Gewehrs nicht st\u00f6rt. Schmalrandige Sporth\u00fcte Schmalrandige Sporth\u00fcte sind die perfekte Wahl f\u00fcr J\u00e4ger, die einen sportlichen Look bevorzugen. Mit ihrem schmalen Rand bieten sie viel Bewegungsfreiheit und dennoch einen guten Schutz vor Regen. Schieberm\u00fctze Die Schieberm\u00fctze, auch als Reiterm\u00fctze bekannt, ist eine beliebte Alternative zum J\u00e4gerhut. Sie ist bequem zu tragen und bietet Schutz vor Wind und K\u00e4lte. Insbesondere Modelle mit Ohrenklappen. Durch die fehlende Krempe wird die M\u00fctze manchmal als praktischer empfunden als ein Hut. Sie sch\u00fctzt aber nicht ideal vor Regen. H\u00fcte mit Signalstreifen W\u00e4hrend der Treibjagd ist die Sichtbarkeit ein entscheidender Faktor f\u00fcr die Sicherheit. H\u00fcte mit gut sichtbaren Streifen sind deshalb eine ideale Erg\u00e4nzug zur Signalweste. Sie machen den J\u00e4ger leicht erkennbar und tragen zur Vermeidung von Unf\u00e4llen bei. Manche H\u00fcte sind mit einer speziellen, aufklappbaren Garnitur ausgestattet, die innen orange und aussen olivegr\u00fcn ist. Eine Alternative sind Signalb\u00e4nder, die an jedem beliebigen Hut angebracht werden k\u00f6nnen. Tarnhauben J\u00e4gerh\u00fcte werden je nach Modell in den Farben Olive, Grau-meliert, Braun-meliert oder mit Camouflage-Muster angeboten. F\u00fcr zus\u00e4tzliche Tarnung, aber auch um bei k\u00fchlen Temperaturen nicht zu frieren, kann man unter dem Hut, oder als Ersatz daf\u00fcr, eine Sturmhaube tragen. Balaclavas mit \u00d6ffnungen f\u00fcr Augen und Nase bieten besonders viel W\u00e4rme. Steht die Tarnung im Vordergrund, eignen sich Tarn-Sets bestehend aus M\u00fctze und Loop-Schal, mit strukturierter Oberfl\u00e4che. Die Vorz\u00fcge von Wollfilz Mindestens so wichtig wie die Form, ist das Material von J\u00e4gerh\u00fcten. Sie sind fast immer aus Wolliflz gefertigt. Wollfilz hat herausragende Eigenschaften, die ihn zu einer beliebten Wahl f\u00fcr J\u00e4ger machen. Er ist langlebig, wetterfest und bietet ausgezeichneten Schutz vor den Elementen. Dar\u00fcber hinaus ist Wollfilz atmungsaktiv und h\u00e4lt den Kopf warm, ohne zu \u00fcberhitzen. Die robuste Qualit\u00e4t des Materials garantiert, dass ein J\u00e4gerhut aus Wollfilz viele Jagdsaisons \u00fcberdauern kann. Pflege und Wartung von J\u00e4gerh\u00fcten Damit Ihr J\u00e4gerhut Ihnen lange Zeit treue Dienste leisten kann, ist die richtige Pflege entscheidend. Lassen Sie ihn nach jedem Einsatz an einer trockenen, gut bel\u00fcfteten Stelle trocknen, legen Sie ihn aber nicht auf die Heizung. Verschmutzungen lassen sich auf dem trockenen Hut mit einer weichen Hutb\u00fcrste meist problemlos entfernen. Geb\u00fcrstet wird immer gegen den Uhrzeigersinn. Ausserhalb der Jagdsaison sollte der Hut an einem trockenen Ort aufbewahrt werden, z.B. im Schrank oder in einer Hutschachtel. Zu Beginn der neuen Saison, oder nach Bedarf, kann man den Hut mit einem handels\u00fcblichen Impr\u00e4gnierspray behandeln. Das sch\u00fctzt ihn vor N\u00e4sse und Verschmutzungen.<\/p>\n","protected":false},"author":1,"featured_media":0,"parent":0,"menu_order":0,"comment_status":"closed","ping_status":"closed","template":"","meta":{"footnotes":""},"class_list":["post-1984","page","type-page","status-publish","hentry"],"featured_image_src":null,"_links":{"self":[{"href":"https:\/\/huthaus.ch\/blog\/wp-json\/wp\/v2\/pages\/1984","targetHints":{"allow":["GET"]}}],"collection":[{"href":"https:\/\/huthaus.ch\/blog\/wp-json\/wp\/v2\/pages"}],"about":[{"href":"https:\/\/huthaus.ch\/blog\/wp-json\/wp\/v2\/types\/page"}],"author":[{"embeddable":true,"href":"https:\/\/huthaus.ch\/blog\/wp-json\/wp\/v2\/users\/1"}],"replies":[{"embeddable":true,"href":"https:\/\/huthaus.ch\/blog\/wp-json\/wp\/v2\/comments?post=1984"}],"version-history":[{"count":6,"href":"https:\/\/huthaus.ch\/blog\/wp-json\/wp\/v2\/pages\/1984\/revisions"}],"predecessor-version":[{"id":1997,"href":"https:\/\/huthaus.ch\/blog\/wp-json\/wp\/v2\/pages\/1984\/revisions\/1997"}],"wp:attachment":[{"href":"https:\/\/huthaus.ch\/blog\/wp-json\/wp\/v2\/media?parent=1984"}],"curies":[{"name":"wp","href":"https:\/\/api.w.org\/{rel}","templated":true}]}}